 = s**3 - 22*s**2 + 26*s - 4. What are the prime factors of w(f)?
2, 71
Let h(x) = -6*x**2 - 5*x - 8. Let m be h(-3). Let r = 60 + m. Let n = 36 - r. List the prime factors of n.
23
Suppose 3*j - l - 17 = 19, -4*l = 12. Suppose -5*y = -j*y + 48. List the prime factors of (-89)/4*-6*y/12.
89
Suppose t = -3*l + 3011, 3*l - 3035 = -0*l + 5*t. Let g = l + 536. List the prime factors of g.
23, 67
Let v = 13960 - 6135. List the prime factors of v.
5, 313
Let w = 2372 - -717. List the prime factors of w.
3089
Suppose 0 = -107*m + 93231 + 87295 - 6544. What are the prime factors of m?
2, 3, 271
What are the prime factors of ((-18)/(-10))/(19/282435)?
3, 991
Let i = 542 - 233. Suppose 14*x - 11*x = i. Let c = -79 + x. List the prime factors of c.
2, 3
Let v(f) = -23313*f + 678. What are the prime factors of v(-2)?
2, 3, 73
Let n be (-9)/((-441)/(-28))*-7. Let i(l) = -l + 4. Let w be i(4). What are the prime factors of 179 + (-4)/(w - n)?
2, 3, 5
Let w = -88026 + 130005. List the prime factors of w.
3, 7, 1999
Let p(l) be the first derivative of 9*l**3 + 11*l**2/2 - 55*l + 128. List the prime factors of p(4).
421
Suppose -k - 13914 = 2*p - 6*k, -2*p = 4*k + 13878. Let f = p + 2822. List the prime factors of (-4)/(-18) - (f/27 - -5).
2, 37
What are the prime factors of ((-68336)/30)/(-1) - (1960/(-300))/49?
2, 17, 67
Suppose 4 = 2*b, -27*b + 11604 = 5*l - 30*b. What are the prime factors of l?
2, 3, 43
Let b(a) = -15*a + 27. Let g(f) = -f. Let l(c) = b(c) - g(c). What are the prime factors of l(-8)?
139
Let a = 2475 - 949. Suppose -a + 266 = -10*g. List the prime factors of g.
2, 3, 7
Let a(z) be the second derivative of z**4/12 + 2*z**3/3 - 55*z**2 - 2*z - 52. What are the prime factors of a(-23)?
3, 109
Let s(o) = -6*o**2 + 15*o. Let w be s(5). Let y = 105 + w. List the prime factors of y.
2, 3, 5
Suppose 131 = 4*q + 47. Let i be (3 + -2)*(2 + 24/1). Let p = q + i. List the prime factors of p.
47
Let n be (7/3 - -1)/(20/(-90)). Let x = n + 23. Suppose x*z - 917 + 85 = 0. What are the prime factors of z?
2, 13
Suppose 3*y - 6*h - 1 = -5*h, y - 7 = -h. Let f be y/(-6)*3*-97. Suppose 0*r - r + f = 0. List the prime factors of r.
97
List the prime factors of (548 - 1)/(60/(-150) + (-3)/(-5)).
5, 547
Let t(l) be the second derivative of -l**5/5 - l**4/12 + 5*l**3/2 - 6*l**2 + 5*l + 3. List the prime factors of t(-5).
2, 97
Suppose 2550 - 645 = 5*u. Let d = u - 204. What are the prime factors of d?
3, 59
Suppose 3*z + 90 = 13*z. Suppose 3*c - z*c + 738 = 0. List the prime factors of c.
3, 41
Let r(t) = 138*t - 1789. What are the prime factors of r(26)?
7, 257
Suppose 0 = 4*q - 3*v, -3*q + 8*q - 3*v = 0. Suppose q = -4*i + 3*g + 868, -3*i + 651 = 6*g - g. What are the prime factors of i?
7, 31
Let j(r) = 3312*r + 4404. What are the prime factors of j(7)?
2, 3, 11, 19
Let r = -428 + 438. Suppose -23*o = r*o - 25740. What are the prime factors of o?
2, 3, 5, 13
Suppose 5*i = -2*b + 10252, i + b + 287 = 2338. List the prime factors of i.
2, 5, 41
Let m(w) = w. Let r be (4 + 4 + -8)/(0 + -1). Let a be m(r). Suppose -2*d + a*d = 5*s - 100, -4*d + 190 = 5*s. List the prime factors of d.
3, 5
Let o = -43 + 42. Let t be (-21 - 1)/(4*o/(-20)). Let v = 208 + t. What are the prime factors of v?
2, 7
Let d = -46693 - -71065. List the prime factors of d.
2, 3, 677
Let n = 67 + -46. Suppose -4*s + 2*s = -5*o + n, 24 = 3*o - 5*s. Suppose p + 0*m = o*m + 41, 5*p - 205 = 4*m. What are the prime factors of p?
41
Let r(z) = z**2 + 3 - 69*z**3 - 7 - 1 + 6. Let s be r(-1). Let q = 3 + s. List the prime factors of q.
2, 37
Let a(b) = -5*b + 57. Let j(z) = 3*z - 38. Let c(s) = 5*a(s) + 7*j(s). Let q be (2/6 - (-35)/(-42) - 0)*24. What are the prime factors of c(q)?
67
Suppose -5 = -5*z + 3*y + 2*y, -5*y = 4*z - 4. Suppose -4*f = -g - 2049, -7 + z = -2*g. List the prime factors of 3/2 + f/6.
3, 29
Suppose -4*t = -7*z + 2*z + 24904, 0 = 2*z + 2*t - 9976. List the prime factors of z.
2, 7, 89
Let h(r) = -31*r + 8048. List the prime factors of h(-9).
11, 757
Let m = 3202 - -3100. What are the prime factors of m?
2, 23, 137
Let m(f) = 38*f + 193. Let v be m(-5). Suppose v*p - 5079 + 576 = 0. List the prime factors of p.
19, 79
What are the prime factors of (2 + (-1767652)/(-28))/1 + (-18)/42?
2, 3, 5261
Suppose 37*r - 4*r - 264 = 0. Let q(v) = v**3 + 6*v**2 - 14*v - 10. What are the prime factors of q(r)?
2, 3, 43
Let v = 19592 - 9395. List the prime factors of v.
3, 11, 103
Let u = 7405 + 7431. What are the prime factors of u?
2, 3709
Suppose 5*d - 3*o - 15 = 0, -4*o - 2 = 2*d - 8. Suppose d*g - 306 = 87. Suppose -g = -10*t + 2369. List the prime factors of t.
2, 5
Let l(j) = -j**2 + 10*j - 11. Let g be l(9). Let n be 13*(0 + -2)/g. Suppose 351 = 16*h - n*h. What are the prime factors of h?
3, 13
Let z = 27 - 25. Suppose 131 = 2*c + 2*c - 5*p, 67 = z*c - 3*p. Let i = c + 189. What are the prime factors of i?
2, 109
Let l = 44107 + -26097. List the prime factors of l.
2, 5, 1801
Suppose -12 = -3*u - 3*p, -44 = -0*u - 4*u + 3*p. Suppose 5*n = u*y - 5*y + 1181, 0 = n - 3*y - 241. List the prime factors of n.
5, 47
Suppose 15*t = -17*t + 716736. List the prime factors of t.
2, 3, 3733
Let b(i) = -i**2 + 6*i + 4. Let x be b(8). Let r(k) = -k**3 - 4*k**2 - 11*k - 75. What are the prime factors of r(x)?
3, 13, 31
Suppose 4*u + 6*d = 11*d + 690, 11*u - 4*d - 1917 = 0. What are the prime factors of u?
5, 7
Let k(m) = 49*m**3 - 1. Let w be k(2). Suppose -w = -2*o + g, 3*o + g - 585 + 6 = 0. What are the prime factors of o?
2, 97
Let z(p) = -144*p**3 + p. Let h(x) = -x**2 - 3*x + 53. Let u be h(6). List the prime factors of z(u).
11, 13
Suppose -n - 5*k + 13036 = 0, 38853 + 13429 = 4*n - 3*k. List the prime factors of n.
2, 47, 139
Suppose -5 = -3*p + 4*h, 5*h - 13 + 2 = -2*p. Suppose 0 = 5*u + b + 540 - 3118, -p*u = 4*b - 1540. What are the prime factors of u?
2, 3, 43
Suppose -9*s - 489 = -6096. Let c = s - 23. List the prime factors of c.
2, 3, 5
Suppose 0 = -3*x + j + 927 + 93, -1350 = -4*x - 2*j. Suppose -k + 51 + 14 = -3*o, 5*k - x = o. Let v = -5 + k. List the prime factors of v.
3, 7
Suppose 0 = -3*q + 2*n + 32660, -11*q - 2*n - 10888 = -12*q. List the prime factors of q.
2, 5443
Suppose -i = -h - 9824, -3*i + 4*h + 19129 = -10335. What are the prime factors of i?
2, 1229
Let n = -78 - -79. Suppose -n = -6*k + 5. List the prime factors of -1 - (1833/(-9) + k/(-3)).
7, 29
Suppose -4*t = 2*i - 29988, -3591 = -t - 2*i + 3915. What are the prime factors of t?
2, 3, 1249
Let q = 20777 - 14096. List the prime factors of q.
3, 17, 131
Let q(t) = -t**3 + 26*t**2 - 34*t - 82. Let c(u) = u + 1. Let s(y) = 5*c(y) + q(y). What are the prime factors of s(20)?
3, 7, 83
Let c(h) = 32*h + 2. Let j be c(-1). List the prime factors of (-2482)/(-5) - (-3 - 102/j).
2, 31
Suppose -5*c - 430 = -4*c + 4*k, -4*k + 20 = 0. Let j = 701 + c. What are the prime factors of j?
251
Let i be (8 + 154/(-21))*6/2. Suppose -i*w - 3*s - 2 = -521, 5*w - s = 1255. What are the prime factors of w?
2, 3, 7
Let y(r) = r**2 + 4*r + 4. Let z be y(-3). What are the prime factors of (-8 - (-904)/24)/(z/12)?
2, 89
Let w = 13 - 21. Let q(n) = 3*n**2 + 13*n + 12. Let t be q(w). Let r = 200 - t. What are the prime factors of r?
2, 5
Suppose -100*j - 63595 + 102300 = -75195. What are the prime factors of j?
17, 67
Let l = 8 - -14. Suppose l = d - 110. Let m = d - 39. What are the prime factors of m?
3, 31
Let n = -72 - -78. Suppose -665 = -n*y - y. Suppose 97*a - 44 = y*a. What are the prime factors of a?
2, 11
Suppose -4*y - 795 = 4*n - 12691, -5*y + 4*n + 14888 = 0. List the prime factors of y.
2, 3, 31
Let z be (159 - -1) + (-2 + 0 - -1). Let n = z - 92. List the prime factors of n.
67
Let o(r) = -5*r**3 - 41*r - 7. What are the prime factors of o(-18)?
71, 421
Let h(d) = 26 + 19*d**2 + d**3 - 43*d + 16*d**2 + 3*d**2. What are the prime factors of h(-39)?
2, 7, 13
Suppose y - 9 = -37. Let o be (4 - (-6)/(-3))*y. List the prime factors of 4 - (6632/o + 4/(-7)).
3, 41
Suppose t - 3*h - 8 = 10, -4*t = -2*h - 42. Suppose -t*z + 220 = -5*z. What are the prime factors of z?
5, 11
Suppose 10 = 5*b, -n + 18 = n + 5*b. Let m be (-1)/n*-4*8. What are the prime factors of (1 - 6/4) + 1228/m?
3, 17
Suppose -q = 4*o + 2*q - 36, o - 16 = q. Li